rime?
False
Suppose 4*u + 45612 = -34988. Let t = u + 35877. Is t composite?
False
Suppose -f - 12*c + 15*c = -7381, -5*f + 36939 = 2*c. Is f a composite number?
True
Suppose -59*u - 40156616 = -62553176 - 63802381. Is u a prime number?
False
Is (11 + -17)*(-271762)/12 prime?
False
Suppose 18*c - 129689 = 37243. Suppose -5*i + 23185 = -o - 0*o, 0 = -2*i + 4*o + c. Is i composite?
False
Let k be (-2)/(-4) - 2/(24/(-13434)). Suppose 0 = -7*f + k + 2583. Is f a prime number?
False
Let c(d) = -21 + 5*d - 3*d + 0*d + d. Let a be c(7). Suppose a*i + 2915 = 5*i. Is i composite?
True
Let w = 29378 - 13881. Is w a prime number?
True
Let n = 82 - 83. Is ((-11)/33)/(n/16239) a composite number?
False
Let d be -3 - (-7)/((-28)/(-41340)). Suppose 3*p = -a + d, -2*p + 7232 = 2*a + 348. Suppose 45*i + p = 50*i. Is i composite?
True
Let u be 52/6 - 10/15. Suppose -5*v = -u*v. Suppose 3*t + 1572 - 3879 = v. Is t a prime number?
True
Let v(j) = 55*j**2 - 30*j - 86. Is v(-25) a prime number?
False
Let z(o) = -o**2 + 29*o - 23. Let k be z(28). Suppose k*l - y = 407822, 3 = 2*y + 7. Is (1/3)/(14/l) a composite number?
True
Let z(m) = 15*m**3 - 2*m**2 + 8*m - 18. Is z(5) a composite number?
False
Let v(p) = p**2 + 5*p + 9. Let b = 90 + -97. Let y be v(b). Let w = 270 + y. Is w composite?
False
Let s = 61339 + -26316. Is s a prime number?
True
Let h = -127682 - -333741. Is h a prime number?
False
Suppose -5*j = 2*u - 10147, 0 = 3*u - j + 7815 - 23010. Let y = u + -2620. Is y a prime number?
False
Let w(c) = -2*c - 10. Let t be w(-6). Let o be t/(-5) + 0 - 17/(-5). Suppose -o*u + h + 4446 = 0, -3*u = -0*h + 4*h - 4431. Is u a prime number?
True
Suppose 4*k - 20 = 0, -24*s + 19*s = 2*k - 3162365. Is s composite?
True
Let i = -209 - -209. Is -3 - -2 - 480*(i + -1) a composite number?
False
Suppose -4*y + 901 = 97. Suppose -12*g - y = -9*g. Is 2/(((-65)/g + -1)*-1) a composite number?
False
Suppose 0 = -3*i + 2*o + 1 + 8, 3*i - 24 = -3*o. Suppose 0 = 3*j - 5*j + 3*u + 16630, -i*j = -5*u - 41575. Is j a composite number?
True
Suppose 2*l - 431375 - 605194 - 532777 = 0. Is l composite?
True
Suppose 12*t - 55 = 389. Suppose t*q = 40*q - 1866. Is q prime?
False
Suppose 5*a = -3*j + 6589667, -73*j + 3953793 = 3*a - 70*j. Is a composite?
True
Let g(k) = -2*k**3 - 11*k**2 - 11*k + 7. Let f(i) = i - 12. Let s be f(16). Suppose 67 = -s*z + 43. Is g(z) a composite number?
False
Suppose -4*b - 4502 = -19*d + 24*d, -d + 5613 = -5*b. Let j = 2196 + b. Is j prime?
False
Let h = 182602 - 111885. Is h composite?
False
Let s be (-5)/30 - 25/(-6). Suppose 0 = s*l, -5*v = l - 1003 - 87. Let f = 964 - v. Is f a composite number?
True
Let k = 50498 + -27151. Is k a composite number?
True
Let r(t) = t**3 - 3*t + 7. Let b be r(2). Suppose 196931 = -2*u + b*u. Is u a composite number?
True
Let m(s) = 98*s + 27. Let p be m(5). Let v = p + -378. Is v a composite number?
False
Suppose -593*q - 2075593 = -303*q - 303*q. Is q composite?
True
Let s(v) = -6*v**2 + 25*v + 13. Let a be s(8). Is a/(-228) - (-1673)/4 prime?
True
Let j be 5*(-8)/140 - 60/(-14). Suppose 30605 = p + j*p. Is p a prime number?
True
Let f be (-19)/3 + 44/33. Let l be (-2 - (-2 - 6))*f. Let v = -16 - l. Is v composite?
True
Suppose 2*n + 0*n - 6 = 0, 3*s + 5*n = 72. Suppose -2*g + s = 371. Let r = 15 - g. Is r a composite number?
False
Let f = 78 - 60. Suppose f + 24 = 6*d. Is 2160 + (d/(-21))/(1/(-3)) prime?
True
Let b(d) = 1040*d**3 + 12*d**2 - 13*d + 6. Is b(5) a composite number?
False
Suppose -24*s + 2270 = -22*s. Suppose 7573 = 5*o - 2*a, -3*a - 4173 = -2*o - s. Is o a prime number?
False
Let t = -25 - -30. Suppose -3*k = -m + 38 + 39, -k = -t. Suppose -m = -g - 3*c, 3*g - 57 = 4*c + 180. Is g a prime number?
True
Let x(n) = 6*n + 14. Let u be (-2 - 24/9) + 8/12. Let q be x(u). Is (-3*(-9609)/45)/((-2)/q) prime?
True
Let h be ((-2370)/9 + 1)*-54 + 1. Suppose 6595 + h = 7*f. Is f a composite number?
True
Let m = 5708 - 9320. Let i be (m + -5)*(-4 + 2). Suppose 2*n + i - 2481 = 3*w, -4*w - 5*n + 6345 = 0. Is w composite?
True
Let z = 454 + -448. Suppose -2*o = -2*i + 5300, z*i = i - o + 13232. Is i a prime number?
True
Suppose -4*g + 2*q = 2 - 12, q = -g + 7. Is -5 - g*5131/(-7) prime?
True
Let i be -2 + 8/16 - 27438/(-4). Let a = i + -2555. Is a a composite number?
True
Suppose -584 = 2*t - 4*w, -3*w + 335 = 2*t + 947. Let r = -269 - t. Is r a prime number?
True
Let z = -9739 + 14526. Let c = -2478 + z. Is c composite?
False
Let u = 9506 + 14523. Is u composite?
False
Suppose 0 = -2*k - 12 + 16. Suppose l + k*h = 727, -3*l + 2*l + 5*h + 692 = 0. Is l composite?
True
Suppose 0 = -3*p - y - 150, 2*p - 3*y = -0*p - 89. Let q = -53 - p. Is q/16 + 1257*(-3)/(-12) composite?
True
Let z = 51220 + -7583. Is z a composite number?
True
Suppose 1097 = f - h, 8*f - 4*f + 2*h - 4364 = 0. Let z = f - -724. Is z composite?
True
Let j(q) = -q**2 - 6*q - 12. Let m be j(-4). Let u be (32/24)/(m/(-18)). Is 1*(380 + (-3)/u*-2) a composite number?
True
Let a(j) = -4771*j**3 - 9*j**2 - 24*j - 49. Let p be a(-5). Suppose -29*l + 247418 = -p. Is l composite?
True
Is (696/32)/(15/84220) composite?
True
Suppose 5*l = 9*l + 8. Let p be l/((-2)/(-3)) - -6233. Suppose 0 = 4*f - 4*j - 12452, -2*f + p = 2*j - 5*j. Is f prime?
True
Suppose 3*b - 5*h = -b - 26, -4 = 3*b + 4*h. Let r be ((-39)/(-9) + b)*0. Is r - (1778/(-4) - 3/6) a composite number?
True
Suppose -w + 6914 = 5*t, 2*t - 2819 = -w - 54. Let n = 10916 - t. Is n composite?
False
Let k be 2/(4/6*(-21)/49). Is 48/336 + ((-4932)/k)/3 a composite number?
True
Let j = -23058 - -14377. Let b = -5760 - j. Is b prime?
False
Suppose 13 - 34 = -3*i. Let o = i - 10. Is -4 + (o - -783)/4 composite?
False
Is ((-600)/130)/(-10) + (-29863519)/(-91) a composite number?
False
Let n be (-1)/(-4)*(24400/10 - -12). Suppose -7*z = -8*z + n. Is z a composite number?
False
Let d(w) = -1617*w - 28. Let r(b) = -404*b - 7. Let p(n) = 2*d(n) - 9*r(n). Suppose -153*q + 158 - 2 = 3*q. Is p(q) a composite number?
False
Suppose -3*o = 0, 32*t + 4*o = 34*t + 16. Is 2/(-1)*10012/t a composite number?
False
Suppose -2*p = -3*y + 9, 2*y + 4*p = -0*p + 22. Let n be ((-8 - (3 + 4)) + -1)*-2. Let s = y + n. Is s prime?
True
Let v be 1405*(11508/35)/12. Let r = v + 14940. Is r prime?
True
Let t = 5 - -1. Let p = 537 + -207. Suppose t*x - 336 = p. Is x composite?
True
Let h(f) = 9235*f**3 - 4*f**2 + 13*f - 11. Is h(1) prime?
False
Is -2*-452031*15/90 a composite number?
True
Is ((1 - 0) + 314348)*366/1098 composite?
True
Suppose c = -133*q + 137*q + 25561, -4*c - 3*q = -102244. Is c prime?
True
Let c = 2668072 + -954807. Is c a composite number?
True
Is -8*9/(-36) - (0 + 145851*-1) composite?
True
Let q(c) = -c**3 - 5*c**2 - 6*c - 6. Let m be q(-4). Suppose 3*h - 5*g - 200 = 0, 5*g = -m*h + 2*g + 127. Is h a composite number?
True
Let p = 3403 - 3080. Is p a composite number?
True
Suppose -15953 = -54*t + 391261. Is t a prime number?
True
Let x be 4 - -18*6/(-9). Is x/(-24)*(-4)/(12/(-35901)) a prime number?
True
Let u be 10/(-20) + (-1)/(-2). Let o be ((-15)/6 - u)*24/(-5). Suppose o*t + 1535 = 17*t. Is t prime?
True
Is 2/(-35) + (-4941252)/(-4060) a prime number?
True
Let d be 14*(-3 - (6 - 7)). Is (-917)/(d/(-4))*-11 a composite number?
True
Suppose -5*c + 3*o = -3, 0*o = 4*c + 2*o + 2. Suppose q - 50924 + 16015 = c. Is q composite?
True
Let g be -4 + 2 + 3 - (2583 - 1). Let v = -548 - g. Is v prime?
False
Suppose -21419 = -33*h - 2048. Is h composite?
False
Let q be 25164/(-2)*(-4)/(-6). Let z = 14634 + q. Suppose -5*l + l + 2*d = -6240, -5*d - z = -4*l. Is l composite?
False
Let y(n) = 17*n**2 - 10*n + 24. Suppose -13*m + 376 - 129 = 0. Is y(m) a composite number?
True
Let x = 370 + -386. Let f(o) = -o**3 - 6*o**2 - o + 11. Is f(x) prime?
False
Suppose -2*q = -3*q - 55. Let l = q + -34. Let x = -52 - l. Is x composite?
False
Is 2/(-3) + (-26717240)/(-264) a prime number?
False
Suppose 0 = -2*x + c + 14062 + 70927, -127494 = -3*x + 5*c. Is x a composite number?
True
Suppose -19*z - 217358 = 600745 - 4832480. Is z composite?
False
Let w(o) = 4*o**3 - 2*o**2 - 90*o + 40811. Is w(0) a prime number?
False
Let z(x) = 2*x**2 + 38*x + 123. Let a be z(-15). Suppose -a*r = 9, -3*l + 4*r = 14 - 7625. Is l prime?
False
Let v be (-21)/